{"id":75376,"date":"2019-07-25T12:30:07","date_gmt":"2019-07-25T10:30:07","guid":{"rendered":"https:\/\/koeln-ringelmann.de\/?page_id=75376"},"modified":"2019-07-25T12:49:18","modified_gmt":"2019-07-25T10:49:18","slug":"dienstleistungen","status":"publish","type":"page","link":"https:\/\/koeln-ringelmann.de\/?page_id=75376","title":{"rendered":"Dienstleistungen"},"content":{"rendered":"<p>[vc_row css=&#8220;.vc_custom_1433128525365{margin-top: 0px !important;margin-bottom: 40px !important;}&#8220;][vc_column][vc_custom_heading text=&#8220;Hochbau&#8220; font_container=&#8220;tag:h2|font_size:20|text_align:left&#8220; el_class=&#8220;heading-title-3&#8243; css=&#8220;.vc_custom_1564051435946{margin-top: 80px !important;margin-bottom: 1% !important;}&#8220;][vc_column_text]<\/p>\n<ul>\n<li>Beton,- Stahlbeton,- Schalungs,- Mauerarbeiten<\/li>\n<li>Ein- und Mehrfamilienh\u00e4user<\/li>\n<li>Anbauten an bestehenden Geb\u00e4uden<\/li>\n<li>Kellerabdichtungen<\/li>\n<li>W\u00e4rme, Energieeinsparung<\/li>\n<\/ul>\n<p>[\/vc_column_text][vc_custom_heading text=&#8220;Tiefbau&#8220; font_container=&#8220;tag:h2|font_size:20|text_align:left&#8220; el_class=&#8220;heading-title-3&#8243; css=&#8220;.vc_custom_1564051452243{margin-top: 30px !important;margin-bottom: 1% !important;}&#8220;][vc_column_text]<\/p>\n<ul>\n<li>Baugrunduntersuchung<\/li>\n<li>Ausschachtungen<\/li>\n<li>Abriss von Altgeb\u00e4uden<\/li>\n<li>Erdbewegungen aller Art<\/li>\n<li>Au\u00dfenanlagen nach Ihren W\u00fcnschen gestalten<\/li>\n<li>Pflasterarbeiten<\/li>\n<\/ul>\n<p>[\/vc_column_text][vc_custom_heading text=&#8220;Wohnunsgsbau\/ Sanierung&#8220; font_container=&#8220;tag:h2|font_size:20|text_align:left&#8220; el_class=&#8220;heading-title-3&#8243; css=&#8220;.vc_custom_1564051591289{margin-top: 30px !important;margin-bottom: 1% !important;}&#8220;][vc_column_text]<\/p>\n<ul>\n<li>Abbrucharbeiten<\/li>\n<li>Stabilisierung der tragenden Konstruktion<\/li>\n<li>Mauerarbeiten<\/li>\n<li>Betonarbeiten<\/li>\n<li>Putzarbeiten<\/li>\n<li>Trockenbau<\/li>\n<\/ul>\n<p>[\/vc_column_text][vc_custom_heading text=&#8220;Altbausanierung&#8220; font_container=&#8220;tag:h2|font_size:20|text_align:left&#8220; el_class=&#8220;heading-title-3&#8243; css=&#8220;.vc_custom_1564051614407{margin-top: 30px !important;margin-bottom: 1% !important;}&#8220;][vc_column_text]<\/p>\n<ul>\n<li>Sanierung denkmalgesch\u00fctzter Bauwerke<\/li>\n<li>Sanierung von nassen Kellern<\/li>\n<li>Wohnungsumnutzungen, Um- und Anbauten<\/li>\n<li>Einbau von Stahlabfangtr\u00e4gern<\/li>\n<li>Abbrucharbeiten<\/li>\n<li>Bodenbeschichtungen<\/li>\n<li>Fliesenarbeiten<\/li>\n<li>W\u00e4rmed\u00e4mmverbundsystem WDVS<\/li>\n<li>Putz- und Trockenbauarbeiten<\/li>\n<\/ul>\n<p><strong>Falls Sie eine Beratung w\u00fcnschen rufen Sie uns an:<br \/>\n<a href=\"tel:+4921914611594 \">02191 46 11 594<\/a><br \/>\n<\/strong> [\/vc_column_text][\/vc_column][\/vc_row]<\/p>\n","protected":false},"excerpt":{"rendered":"<p>[vc_row css=&#8220;.vc_custom_1433128525365{margin-top: 0px !important;margin-bottom: 40px !important;}&#8220;][vc_column][vc_custom_heading text=&#8220;Hochbau&#8220; font_container=&#8220;tag:h2|font_size:20|text_align:left&#8220; el_class=&#8220;heading-title-3&#8243; css=&#8220;.vc_custom_1564051435946{margin-top: 80px !important;margin-bottom: 1% !important;}&#8220;][vc_column_text] Beton,- Stahlbeton,- Schalungs,- Mauerarbeiten Ein- und Mehrfamilienh\u00e4user Anbauten an bestehenden Geb\u00e4uden Kellerabdichtungen W\u00e4rme, Energieeinsparung [\/vc_column_text][vc_custom_heading text=&#8220;Tiefbau&#8220; font_container=&#8220;tag:h2|font_size:20|text_align:left&#8220; el_class=&#8220;heading-title-3&#8243; css=&#8220;.vc_custom_1564051452243{margin-top: 30px !important;margin-bottom: 1% !important;}&#8220;][vc_column_text] Baugrunduntersuchung Ausschachtungen Abriss von Altgeb\u00e4uden Erdbewegungen aller Art Au\u00dfenanlagen nach Ihren W\u00fcnschen gestalten Pflasterarbeiten [\/vc_column_text][vc_custom_heading text=&#8220;Wohnunsgsbau\/ Sanierung&#8220; font_container=&#8220;tag:h2|font_size:20|text_align:left&#8220; [&hellip;]<\/p>\n","protected":false},"author":1,"featured_media":0,"parent":0,"menu_order":0,"comment_status":"closed","ping_status":"closed","template":"","meta":{"footnotes":""},"class_list":["post-75376","page","type-page","status-publish","hentry"],"_links":{"self":[{"href":"https:\/\/koeln-ringelmann.de\/index.php?rest_route=\/wp\/v2\/pages\/75376","targetHints":{"allow":["GET"]}}],"collection":[{"href":"https:\/\/koeln-ringelmann.de\/index.php?rest_route=\/wp\/v2\/pages"}],"about":[{"href":"https:\/\/koeln-ringelmann.de\/index.php?rest_route=\/wp\/v2\/types\/page"}],"author":[{"embeddable":true,"href":"https:\/\/koeln-ringelmann.de\/index.php?rest_route=\/wp\/v2\/users\/1"}],"replies":[{"embeddable":true,"href":"https:\/\/koeln-ringelmann.de\/index.php?rest_route=%2Fwp%2Fv2%2Fcomments&post=75376"}],"version-history":[{"count":21,"href":"https:\/\/koeln-ringelmann.de\/index.php?rest_route=\/wp\/v2\/pages\/75376\/revisions"}],"predecessor-version":[{"id":75404,"href":"https:\/\/koeln-ringelmann.de\/index.php?rest_route=\/wp\/v2\/pages\/75376\/revisions\/75404"}],"wp:attachment":[{"href":"https:\/\/koeln-ringelmann.de\/index.php?rest_route=%2Fwp%2Fv2%2Fmedia&parent=75376"}],"curies":[{"name":"wp","href":"https:\/\/api.w.org\/{rel}","templated":true}]}}